{"id":1629,"date":"2022-02-15T09:08:11","date_gmt":"2022-02-15T12:08:11","guid":{"rendered":"https:\/\/sotisempresarial-com-br.umbler.net\/?page_id=1629"},"modified":"2022-02-15T14:09:28","modified_gmt":"2022-02-15T17:09:28","slug":"lgpd","status":"publish","type":"page","link":"https:\/\/sotisempresarial.com.br\/?page_id=1629","title":{"rendered":"LGPD"},"content":{"rendered":"<p>[et_pb_section fb_built=&#8221;1&#8243; prev_background_color=&#8221;#ffffff&#8221; next_background_color=&#8221;#ffffff&#8221; admin_label=&#8221;Header&#8221; _builder_version=&#8221;4.9.3&#8243; use_background_color_gradient=&#8221;on&#8221; background_color_gradient_start=&#8221;rgba(9,29,76,0.85)&#8221; background_color_gradient_end=&#8221;#2682ff&#8221; background_color_gradient_direction=&#8221;-30deg&#8221; custom_padding=&#8221;8vw|0px|100px|0px|false|false&#8221; top_divider_style=&#8221;waves2&#8243; top_divider_height=&#8221;5vw&#8221; top_divider_repeat=&#8221;0.5x&#8221; top_divider_flip=&#8221;horizontal&#8221; bottom_divider_style=&#8221;curve&#8221; bottom_divider_height=&#8221;30px&#8221; hover_enabled=&#8221;0&#8243; box_shadow_style__hover=&#8221;none&#8221; box_shadow_style__hover_enabled=&#8221;none&#8221; box_shadow_color__hover=&#8221;rgba(0,0,0,0.3)&#8221; box_shadow_color__hover_enabled=&#8221;rgba(0,0,0,0.3)&#8221; custom_padding_last_edited=&#8221;on|phone&#8221; custom_padding_phone=&#8221;64vw|0px|37px|0px|false|false&#8221; sticky_enabled=&#8221;0&#8243;][et_pb_row _builder_version=&#8221;4.9.3&#8243; max_width=&#8221;2600px&#8221; custom_margin=&#8221;||&#8221; use_custom_width=&#8221;on&#8221; custom_width_px=&#8221;2600px&#8221; custom_width_px__hover=&#8221;1080px&#8221; custom_width_px__hover_enabled=&#8221;1080px&#8221; custom_width_percent__hover=&#8221;80%&#8221; custom_width_percent__hover_enabled=&#8221;80%&#8221; locked=&#8221;off&#8221; use_custom_width__hover=&#8221;off&#8221; use_custom_width__hover_enabled=&#8221;off&#8221; width_unit__hover=&#8221;on&#8221; width_unit__hover_enabled=&#8221;on&#8221; gutter_width__hover=&#8221;3&#8243; gutter_width__hover_enabled=&#8221;3&#8243; parallax_1__hover=&#8221;off&#8221; parallax_1__hover_enabled=&#8221;off&#8221; parallax_2__hover=&#8221;off&#8221; parallax_2__hover_enabled=&#8221;off&#8221; parallax_3__hover=&#8221;off&#8221; parallax_3__hover_enabled=&#8221;off&#8221; parallax_4__hover=&#8221;off&#8221; parallax_4__hover_enabled=&#8221;off&#8221; parallax_5__hover=&#8221;off&#8221; parallax_5__hover_enabled=&#8221;off&#8221; parallax_6__hover=&#8221;off&#8221; parallax_6__hover_enabled=&#8221;off&#8221; parallax_method_1__hover=&#8221;on&#8221; parallax_method_1__hover_enabled=&#8221;on&#8221; parallax_method_2__hover=&#8221;on&#8221; parallax_method_2__hover_enabled=&#8221;on&#8221; parallax_method_3__hover=&#8221;on&#8221; parallax_method_3__hover_enabled=&#8221;on&#8221; parallax_method_4__hover=&#8221;on&#8221; parallax_method_4__hover_enabled=&#8221;on&#8221; parallax_method_5__hover=&#8221;on&#8221; parallax_method_5__hover_enabled=&#8221;on&#8221; parallax_method_6__hover=&#8221;on&#8221; parallax_method_6__hover_enabled=&#8221;on&#8221; use_background_color_gradient__hover=&#8221;off&#8221; use_background_color_gradient__hover_enabled=&#8221;off&#8221; background_color_gradient_start__hover=&#8221;#2b87da&#8221; background_color_gradient_start__hover_enabled=&#8221;#2b87da&#8221; background_color_gradient_end__hover=&#8221;#29c4a9&#8243; background_color_gradient_end__hover_enabled=&#8221;#29c4a9&#8243; background_color_gradient_type__hover=&#8221;linear&#8221; background_color_gradient_type__hover_enabled=&#8221;linear&#8221; background_color_gradient_direction__hover=&#8221;180deg&#8221; background_color_gradient_direction__hover_enabled=&#8221;180deg&#8221; background_color_gradient_direction_radial__hover=&#8221;center&#8221; background_color_gradient_direction_radial__hover_enabled=&#8221;center&#8221; background_color_gradient_start_position__hover=&#8221;0%&#8221; background_color_gradient_start_position__hover_enabled=&#8221;0%&#8221; background_color_gradient_end_position__hover=&#8221;100%&#8221; background_color_gradient_end_position__hover_enabled=&#8221;100%&#8221; background_color_gradient_overlays_image__hover=&#8221;off&#8221; background_color_gradient_overlays_image__hover_enabled=&#8221;off&#8221; parallax__hover=&#8221;off&#8221; parallax__hover_enabled=&#8221;off&#8221; parallax_method__hover=&#8221;on&#8221; parallax_method__hover_enabled=&#8221;on&#8221; background_size__hover=&#8221;cover&#8221; background_size__hover_enabled=&#8221;cover&#8221; background_position__hover=&#8221;center&#8221; background_position__hover_enabled=&#8221;center&#8221; background_repeat__hover=&#8221;no-repeat&#8221; background_repeat__hover_enabled=&#8221;no-repeat&#8221; background_blend__hover=&#8221;normal&#8221; background_blend__hover_enabled=&#8221;normal&#8221; allow_player_pause__hover=&#8221;off&#8221; allow_player_pause__hover_enabled=&#8221;off&#8221; background_video_pause_outside_viewport__hover=&#8221;on&#8221; background_video_pause_outside_viewport__hover_enabled=&#8221;on&#8221; make_fullwidth__hover=&#8221;off&#8221; make_fullwidth__hover_enabled=&#8221;off&#8221; use_custom_gutter__hover=&#8221;off&#8221; use_custom_gutter__hover_enabled=&#8221;off&#8221; make_equal__hover=&#8221;off&#8221; make_equal__hover_enabled=&#8221;off&#8221; border_radii__hover=&#8221;on||||&#8221; border_radii__hover_enabled=&#8221;on||||&#8221; box_shadow_style__hover=&#8221;none&#8221; box_shadow_style__hover_enabled=&#8221;none&#8221; box_shadow_color__hover=&#8221;rgba(0,0,0,0.3)&#8221; box_shadow_color__hover_enabled=&#8221;rgba(0,0,0,0.3)&#8221; filter_hue_rotate__hover=&#8221;0deg&#8221; filter_hue_rotate__hover_enabled=&#8221;0deg&#8221; filter_saturate__hover=&#8221;100%&#8221; filter_saturate__hover_enabled=&#8221;100%&#8221; filter_brightness__hover=&#8221;100%&#8221; filter_brightness__hover_enabled=&#8221;100%&#8221; filter_contrast__hover=&#8221;100%&#8221; filter_contrast__hover_enabled=&#8221;100%&#8221; filter_invert__hover=&#8221;0%&#8221; filter_invert__hover_enabled=&#8221;0%&#8221; filter_sepia__hover=&#8221;0%&#8221; filter_sepia__hover_enabled=&#8221;0%&#8221; filter_opacity__hover=&#8221;100%&#8221; filter_opacity__hover_enabled=&#8221;100%&#8221; filter_blur__hover=&#8221;0px&#8221; filter_blur__hover_enabled=&#8221;0px&#8221; mix_blend_mode__hover=&#8221;normal&#8221; mix_blend_mode__hover_enabled=&#8221;normal&#8221; animation_style__hover=&#8221;none&#8221; animation_style__hover_enabled=&#8221;none&#8221; animation_repeat__hover=&#8221;once&#8221; animation_repeat__hover_enabled=&#8221;once&#8221; animation_direction__hover=&#8221;center&#8221; animation_direction__hover_enabled=&#8221;center&#8221; animation_duration__hover=&#8221;1000ms&#8221; animation_duration__hover_enabled=&#8221;1000ms&#8221; animation_delay__hover=&#8221;0ms&#8221; animation_delay__hover_enabled=&#8221;0ms&#8221; animation_intensity_slide__hover=&#8221;50%&#8221; animation_intensity_slide__hover_enabled=&#8221;50%&#8221; animation_intensity_zoom__hover=&#8221;50%&#8221; animation_intensity_zoom__hover_enabled=&#8221;50%&#8221; animation_intensity_flip__hover=&#8221;50%&#8221; animation_intensity_flip__hover_enabled=&#8221;50%&#8221; animation_intensity_fold__hover=&#8221;50%&#8221; animation_intensity_fold__hover_enabled=&#8221;50%&#8221; animation_intensity_roll__hover=&#8221;50%&#8221; animation_intensity_roll__hover_enabled=&#8221;50%&#8221; animation_starting_opacity__hover=&#8221;0%&#8221; animation_starting_opacity__hover_enabled=&#8221;0%&#8221; animation_speed_curve__hover=&#8221;ease-in-out&#8221; animation_speed_curve__hover_enabled=&#8221;ease-in-out&#8221; hover_transition_duration__hover=&#8221;300ms&#8221; hover_transition_duration__hover_enabled=&#8221;300ms&#8221; hover_transition_delay__hover=&#8221;0ms&#8221; hover_transition_delay__hover_enabled=&#8221;0ms&#8221; hover_transition_speed_curve__hover=&#8221;ease&#8221; hover_transition_speed_curve__hover_enabled=&#8221;ease&#8221; max_width__hover=&#8221;1080px&#8221; max_width__hover_enabled=&#8221;1080px&#8221;][et_pb_column type=&#8221;4_4&#8243; _builder_version=&#8221;3.25&#8243; custom_padding=&#8221;|||&#8221; custom_padding__hover=&#8221;|||&#8221;][et_pb_text _builder_version=&#8221;4.9.3&#8243; text_font=&#8221;||||||||&#8221; text_font_size=&#8221;15px&#8221; text_line_height=&#8221;2em&#8221; header_font=&#8221;||||||||&#8221; header_3_font=&#8221;Montserrat|800||on|||||&#8221; header_3_text_color=&#8221;rgba(255,255,255,0.05)&#8221; header_3_font_size=&#8221;8vw&#8221; header_3_letter_spacing=&#8221;2px&#8221; text_orientation=&#8221;center&#8221; background_layout=&#8221;dark&#8221; module_alignment=&#8221;center&#8221; custom_margin=&#8221;||-5vw&#8221; filter_blur=&#8221;2px&#8221; locked=&#8221;off&#8221; header_font_size__hover=&#8221;30px&#8221; header_font_size__hover_enabled=&#8221;30px&#8221; header_letter_spacing__hover=&#8221;0px&#8221; header_letter_spacing__hover_enabled=&#8221;0px&#8221; header_text_shadow_style__hover=&#8221;none&#8221; header_text_shadow_style__hover_enabled=&#8221;none&#8221; header_text_shadow_color__hover=&#8221;rgba(0,0,0,0.4)&#8221; header_text_shadow_color__hover_enabled=&#8221;rgba(0,0,0,0.4)&#8221; header_2_font_size__hover=&#8221;26px&#8221; header_2_font_size__hover_enabled=&#8221;26px&#8221; header_2_letter_spacing__hover=&#8221;0px&#8221; header_2_letter_spacing__hover_enabled=&#8221;0px&#8221; header_2_line_height__hover=&#8221;1em&#8221; header_2_line_height__hover_enabled=&#8221;1em&#8221; header_2_text_shadow_style__hover=&#8221;none&#8221; header_2_text_shadow_style__hover_enabled=&#8221;none&#8221; header_2_text_shadow_color__hover=&#8221;rgba(0,0,0,0.4)&#8221; header_2_text_shadow_color__hover_enabled=&#8221;rgba(0,0,0,0.4)&#8221;]<\/p>\n<h3>LGPD<\/h3>\n<p>[\/et_pb_text][et_pb_text _builder_version=&#8221;4.9.3&#8243; text_font=&#8221;||||||||&#8221; text_font_size=&#8221;7px&#8221; link_font=&#8221;||||||||&#8221; ul_font=&#8221;||||||||&#8221; ol_font=&#8221;||||||||&#8221; quote_font=&#8221;||||||||&#8221; header_font=&#8221;Montserrat|600|||||||&#8221; header_font_size=&#8221;2vw&#8221; header_line_height=&#8221;1.3em&#8221; header_2_font=&#8221;Montserrat|600||on|||||&#8221; header_2_letter_spacing=&#8221;2px&#8221; header_2_line_height=&#8221;1.4em&#8221; header_3_font=&#8221;Montserrat||||||||&#8221; header_3_line_height=&#8221;1.5em&#8221; text_orientation=&#8221;center&#8221; background_layout=&#8221;dark&#8221; max_width_tablet=&#8221;&#8221; max_width_phone=&#8221;&#8221; max_width_last_edited=&#8221;on|desktop&#8221; animation_style=&#8221;zoom&#8221; hover_enabled=&#8221;0&#8243; header_font_size_tablet=&#8221;40px&#8221; header_font_size_phone=&#8221;30px&#8221; header_font_size_last_edited=&#8221;on|tablet&#8221; header_3_font_size_tablet=&#8221;&#8221; header_3_font_size_phone=&#8221;16px&#8221; header_3_font_size_last_edited=&#8221;on|phone&#8221; locked=&#8221;off&#8221; custom_padding_last_edited=&#8221;on|phone&#8221; custom_padding_phone=&#8221;0px||0px||false|false&#8221; sticky_enabled=&#8221;0&#8243;]<\/p>\n<h1>Pol\u00edtica de Prote\u00e7\u00e3o de Dados Pessoais da Sotis Empresarial<\/h1>\n<p>[\/et_pb_text][\/et_pb_column][\/et_pb_row][\/et_pb_section][et_pb_section fb_built=&#8221;1&#8243; admin_label=&#8221;Blog&#8221; _builder_version=&#8221;4.9.3&#8243; background_enable_image=&#8221;off&#8221; parallax=&#8221;on&#8221; custom_padding=&#8221;100px|||&#8221; box_shadow_style__hover=&#8221;none&#8221; box_shadow_style__hover_enabled=&#8221;none&#8221; box_shadow_color__hover=&#8221;rgba(0,0,0,0.3)&#8221; box_shadow_color__hover_enabled=&#8221;rgba(0,0,0,0.3)&#8221;][et_pb_row _builder_version=&#8221;4.9.3&#8243;][et_pb_column type=&#8221;4_4&#8243; _builder_version=&#8221;3.25&#8243; custom_padding=&#8221;|||&#8221; custom_padding__hover=&#8221;|||&#8221;][et_pb_text _builder_version=&#8221;4.9.3&#8243; _module_preset=&#8221;default&#8221; text_font=&#8221;Montserrat||||||||&#8221; text_text_color=&#8221;rgba(0,0,0,0.69)&#8221; text_font_size=&#8221;19px&#8221; text_line_height=&#8221;1.9em&#8221; hover_enabled=&#8221;0&#8243; sticky_enabled=&#8221;0&#8243;]<\/p>\n<p style=\"text-align: justify;\">A Sotis empresarial, no cumprimento \u00e0 Lei Geral de Prote\u00e7\u00e3o de Dados (\u201cLGPD\u201d) n\u00ba 13.709\/2018 e todas as demais leis, normas e regulamentos aplic\u00e1veis, atende aos padr\u00f5es aplic\u00e1veis em seu segmento em rela\u00e7\u00e3o ao tratamento de dados pessoais, dispondo das seguintes regras para aplica\u00e7\u00e3o de sua pol\u00edtica de prote\u00e7\u00e3o de dados pessoais:<\/p>\n<p>a) No Tratamento de Dados Pessoais fornecidos pelo CLIENTE para a execu\u00e7\u00e3o dos servi\u00e7os ora contratados, observar\u00e1 a LGPD e regulamenta\u00e7\u00e3o pertinente;<\/p>\n<p>b) Na hip\u00f3tese de ter de fornecer Dados Pessoais que tenha coletado ou tratado ao CLIENTE, observar\u00e1 os princ\u00edpios previstos pela LGPD, em especial os de necessidade, adequa\u00e7\u00e3o e finalidade, sempre em conformidade com uma das hip\u00f3teses que autorizam o Tratamento de Dados Pessoais na forma do artigo 7\u00ba da LGPD;<\/p>\n<p>c) Buscar\u00e1 ter todos os direitos, consentimentos e\/ou autoriza\u00e7\u00f5es necess\u00e1rios exigidos pela LGPD, e demais leis aplic\u00e1veis, para divulgar, compartilhar e\/ou autorizar o tratamento dos dados pessoais para o cumprimento de suas obriga\u00e7\u00f5es contratuais e\/ou legais;<\/p>\n<p>d) Realizar\u00e1 o Tratamento dos Dados Pessoais nos limites e para as finalidades da sua presta\u00e7\u00e3o de servi\u00e7os, n\u00e3o conservando dados pessoais que excedam tais finalidades;<\/p>\n<p>e) Informar\u00e1 e instruir\u00e1 os seus colaboradores, prestadores de servi\u00e7os e\/ou terceiros sobre o tratamento dos dados pessoais, inclusive na hip\u00f3tese de os titulares de dados terem acesso direto a qualquer sistema (on-line ou n\u00e3o) para preenchimento de informa\u00e7\u00f5es que possam conter os dados pessoais, garantindo a privacidade e confidencialidade dos dados pessoais, e mantendo um controle rigoroso sobre o acesso aos dados pessoais;<\/p>\n<p>f) Informar\u00e1 ao CLIENTE qualquer eventual incidente de seguran\u00e7a envolvendo dados pessoais;<\/p>\n<p>g) Adotar\u00e1 todas medidas necess\u00e1rias e razo\u00e1veis para remediar qualquer Incidente envolvendo os Dados Pessoais e minimizar poss\u00edveis efeitos negativos aos Titulares;<\/p>\n<p>h) Excluir\u00e1, de forma irrevers\u00edvel, os dados pessoais retidos em seus registros, mediante solicita\u00e7\u00e3o do CLIENTE ou dos titulares dos dados, a qualquer momento, salvo conforme determinado por lei ou ordem judicial;<\/p>\n<p>i) Manter\u00e1 medidas de seguran\u00e7a de dados adequadas do ponto de vista t\u00e9cnico, f\u00edsico e de governan\u00e7a, projetados para garantir a seguran\u00e7a, confidencialidade e integridade dos Dados Pessoais e proteg\u00ea-los contra divulga\u00e7\u00e3o ou acesso n\u00e3o autorizado aos Dados Pessoais, bem como de situa\u00e7\u00f5es acidentais ou il\u00edcitas de destrui\u00e7\u00e3o, perda, altera\u00e7\u00e3o, comunica\u00e7\u00e3o ou qualquer forma de Tratamento inadequado ou il\u00edcito, incluindo a implanta\u00e7\u00e3o de medidas administrativas, t\u00e9cnicas e organizacionais apropriadas \u00e0 cada categoria de Dados Pessoais cujo Tratamento ser\u00e1 realizado, tais como, criptografia e anonimiza\u00e7\u00e3o dos Dados Pessoais, quando apropriado, garantindo que essas medidas assegurem um n\u00edvel de seguran\u00e7a condizente com os riscos apresentados pelo Tratamento, a natureza dos Dados Pessoais e as tecnologias de seguran\u00e7a dispon\u00edveis e razoavelmente aplicadas em seu setor de atua\u00e7\u00e3o;<\/p>\n<p>j) Colaborar\u00e1 com o CLIENTE, mediante solicita\u00e7\u00e3o deste, no cumprimento das obriga\u00e7\u00f5es de responder a solicita\u00e7\u00f5es e reivindica\u00e7\u00f5es de pessoa e\/ou autoridade governamental, a respeito de Dados Pessoais;<\/p>\n<p>k) Mediante solicita\u00e7\u00e3o do CLIENTE, ou em caso de rescis\u00e3o, expira\u00e7\u00e3o ou t\u00e9rmino contratual, por qualquer motivo, cessar\u00e1 o Tratamento, inclusive qualquer uso dos Dados Pessoais; e (b) devolver\u00e1 ou CLIENTE ou destruir\u00e1 (a crit\u00e9rio do CLIENTE) todos os Dados Pessoais e todas as c\u00f3pias destes, devendo certificar tal destrui\u00e7\u00e3o por escrito, exceto quando a Sotis Empresarial for obrigada a manter c\u00f3pia de determinados Dados Pessoais estritamente em virtude de lei ou conservados para as finalidades previstas no artigo 16 da Lei 13.709\/2018, desde que a Sotis informe ao cliente;<\/p>\n<p>l) Orientar\u00e1 que colaboradores, prestadores de servi\u00e7os, terceiros, parceiros e membros da equipe t\u00e9cnica que venham ter acesso aos dados durante o desenvolvimento dos servi\u00e7os cumpram as disposi\u00e7\u00f5es legais aplic\u00e1veis em mat\u00e9ria de prote\u00e7\u00e3o de dados pessoais, nunca cedendo ou divulgando tais dados a terceiros, salvo se expressamente autorizado pelo titular, por for\u00e7a de lei ou determina\u00e7\u00e3o judicial;<\/p>\n<p>m) N\u00e3o subcontratar\u00e1 nem delegar\u00e1 o Tratamento dos Dados Pessoais sem o consentimento pr\u00e9vio do cliente, mas poder\u00e1 preservar e conservar os dados por si ou por empresa contratada especialmente para este fim;<\/p>\n<p>n) Certificar-se-\u00e1 de que seus empregados, representantes e prepostos agir\u00e3o de acordo com esta Pol\u00edtica, as normas internas e instru\u00e7\u00f5es da Sotis Empresarial e as leis de prote\u00e7\u00e3o de dados. A Sotis Empresarial se certificar\u00e1 que as pessoas autorizadas a tratar os Dados Pessoais assumam um compromisso de confidencialidade ou estejam sujeitas a adequadas obriga\u00e7\u00f5es legais de confidencialidade;<\/p>\n<p>o) Por fim, o cliente dever\u00e1 garantir que, ao fornecer Dados Pessoais \u00e0 Sotis Empresarial, para o desempenho de suas atividades contratadas, observar\u00e1 a LGPD e a regulamenta\u00e7\u00e3o pertinente, garantindo que o tratamento e o compartilhamento de tais Dados Pessoais com a Sotis obedecem estritamente a uma das hip\u00f3teses do artigo 7\u00ba da LGPD.<\/p>\n<p><em><\/em><\/p>\n<p><em>Esta pol\u00edtica foi elaborada pela assessoria jur\u00eddica da Sotis Empresarial, entrando em vigor em 01\/08\/2021 e poder\u00e1 ser revisada a qualquer momento.<\/em><\/p>\n<p>[\/et_pb_text][\/et_pb_column][\/et_pb_row][\/et_pb_section]<\/p>\n","protected":false},"excerpt":{"rendered":"<p>LGPDPol\u00edtica de Prote\u00e7\u00e3o de Dados Pessoais da Sotis EmpresarialA Sotis empresarial, no cumprimento \u00e0 Lei Geral de Prote\u00e7\u00e3o de Dados (\u201cLGPD\u201d) n\u00ba 13.709\/2018 e todas as demais leis, normas e regulamentos aplic\u00e1veis, atende aos padr\u00f5es aplic\u00e1veis em seu segmento em rela\u00e7\u00e3o ao tratamento de dados pessoais, dispondo das seguintes regras para aplica\u00e7\u00e3o de sua pol\u00edtica [&hellip;]<\/p>\n","protected":false},"author":1,"featured_media":0,"parent":0,"menu_order":0,"comment_status":"closed","ping_status":"closed","template":"","meta":{"_et_pb_use_builder":"on","_et_pb_old_content":"","_et_gb_content_width":"","footnotes":""},"class_list":["post-1629","page","type-page","status-publish","hentry"],"yoast_head":"<!-- This site is optimized with the Yoast SEO plugin v19.10 - https:\/\/yoast.com\/wordpress\/plugins\/seo\/ -->\n<title>LGPD - Sotis Empresarial<\/title>\n<meta name=\"robots\" content=\"index, follow, max-snippet:-1, max-image-preview:large, max-video-preview:-1\" \/>\n<link rel=\"canonical\" href=\"https:\/\/sotisempresarial.com.br\/?page_id=1629\" \/>\n<meta property=\"og:locale\" content=\"pt_BR\" \/>\n<meta property=\"og:type\" content=\"article\" \/>\n<meta property=\"og:title\" content=\"LGPD - Sotis Empresarial\" \/>\n<meta property=\"og:description\" content=\"LGPDPol\u00edtica de Prote\u00e7\u00e3o de Dados Pessoais da Sotis EmpresarialA Sotis empresarial, no cumprimento \u00e0 Lei Geral de Prote\u00e7\u00e3o de Dados (\u201cLGPD\u201d) n\u00ba 13.709\/2018 e todas as demais leis, normas e regulamentos aplic\u00e1veis, atende aos padr\u00f5es aplic\u00e1veis em seu segmento em rela\u00e7\u00e3o ao tratamento de dados pessoais, dispondo das seguintes regras para aplica\u00e7\u00e3o de sua pol\u00edtica [&hellip;]\" \/>\n<meta property=\"og:url\" content=\"https:\/\/sotisempresarial.com.br\/?page_id=1629\" \/>\n<meta property=\"og:site_name\" content=\"Sotis Empresarial\" \/>\n<meta property=\"article:publisher\" content=\"https:\/\/facebook.com\/sotisempresarial\/\" \/>\n<meta property=\"article:modified_time\" content=\"2022-02-15T17:09:28+00:00\" \/>\n<meta name=\"twitter:card\" content=\"summary_large_image\" \/>\n<meta name=\"twitter:label1\" content=\"Est. tempo de leitura\" \/>\n\t<meta name=\"twitter:data1\" content=\"10 minutos\" \/>\n<script type=\"application\/ld+json\" class=\"yoast-schema-graph\">{\"@context\":\"https:\/\/schema.org\",\"@graph\":[{\"@type\":\"WebPage\",\"@id\":\"https:\/\/sotisempresarial.com.br\/?page_id=1629\",\"url\":\"https:\/\/sotisempresarial.com.br\/?page_id=1629\",\"name\":\"LGPD - Sotis Empresarial\",\"isPartOf\":{\"@id\":\"https:\/\/sotisempresarial.com.br\/#website\"},\"datePublished\":\"2022-02-15T12:08:11+00:00\",\"dateModified\":\"2022-02-15T17:09:28+00:00\",\"breadcrumb\":{\"@id\":\"https:\/\/sotisempresarial.com.br\/?page_id=1629#breadcrumb\"},\"inLanguage\":\"pt-BR\",\"potentialAction\":[{\"@type\":\"ReadAction\",\"target\":[\"https:\/\/sotisempresarial.com.br\/?page_id=1629\"]}]},{\"@type\":\"BreadcrumbList\",\"@id\":\"https:\/\/sotisempresarial.com.br\/?page_id=1629#breadcrumb\",\"itemListElement\":[{\"@type\":\"ListItem\",\"position\":1,\"name\":\"In\u00edcio\",\"item\":\"https:\/\/sotisempresarial.com.br\/\"},{\"@type\":\"ListItem\",\"position\":2,\"name\":\"LGPD\"}]},{\"@type\":\"WebSite\",\"@id\":\"https:\/\/sotisempresarial.com.br\/#website\",\"url\":\"https:\/\/sotisempresarial.com.br\/\",\"name\":\"Sotis Empresarial\",\"description\":\"Assessoria Cont\u00e1bil\",\"potentialAction\":[{\"@type\":\"SearchAction\",\"target\":{\"@type\":\"EntryPoint\",\"urlTemplate\":\"https:\/\/sotisempresarial.com.br\/?s={search_term_string}\"},\"query-input\":\"required name=search_term_string\"}],\"inLanguage\":\"pt-BR\"}]}<\/script>\n<!-- \/ Yoast SEO plugin. -->","yoast_head_json":{"title":"LGPD - Sotis Empresarial","robots":{"index":"index","follow":"follow","max-snippet":"max-snippet:-1","max-image-preview":"max-image-preview:large","max-video-preview":"max-video-preview:-1"},"canonical":"https:\/\/sotisempresarial.com.br\/?page_id=1629","og_locale":"pt_BR","og_type":"article","og_title":"LGPD - Sotis Empresarial","og_description":"LGPDPol\u00edtica de Prote\u00e7\u00e3o de Dados Pessoais da Sotis EmpresarialA Sotis empresarial, no cumprimento \u00e0 Lei Geral de Prote\u00e7\u00e3o de Dados (\u201cLGPD\u201d) n\u00ba 13.709\/2018 e todas as demais leis, normas e regulamentos aplic\u00e1veis, atende aos padr\u00f5es aplic\u00e1veis em seu segmento em rela\u00e7\u00e3o ao tratamento de dados pessoais, dispondo das seguintes regras para aplica\u00e7\u00e3o de sua pol\u00edtica [&hellip;]","og_url":"https:\/\/sotisempresarial.com.br\/?page_id=1629","og_site_name":"Sotis Empresarial","article_publisher":"https:\/\/facebook.com\/sotisempresarial\/","article_modified_time":"2022-02-15T17:09:28+00:00","twitter_card":"summary_large_image","twitter_misc":{"Est. tempo de leitura":"10 minutos"},"schema":{"@context":"https:\/\/schema.org","@graph":[{"@type":"WebPage","@id":"https:\/\/sotisempresarial.com.br\/?page_id=1629","url":"https:\/\/sotisempresarial.com.br\/?page_id=1629","name":"LGPD - Sotis Empresarial","isPartOf":{"@id":"https:\/\/sotisempresarial.com.br\/#website"},"datePublished":"2022-02-15T12:08:11+00:00","dateModified":"2022-02-15T17:09:28+00:00","breadcrumb":{"@id":"https:\/\/sotisempresarial.com.br\/?page_id=1629#breadcrumb"},"inLanguage":"pt-BR","potentialAction":[{"@type":"ReadAction","target":["https:\/\/sotisempresarial.com.br\/?page_id=1629"]}]},{"@type":"BreadcrumbList","@id":"https:\/\/sotisempresarial.com.br\/?page_id=1629#breadcrumb","itemListElement":[{"@type":"ListItem","position":1,"name":"In\u00edcio","item":"https:\/\/sotisempresarial.com.br\/"},{"@type":"ListItem","position":2,"name":"LGPD"}]},{"@type":"WebSite","@id":"https:\/\/sotisempresarial.com.br\/#website","url":"https:\/\/sotisempresarial.com.br\/","name":"Sotis Empresarial","description":"Assessoria Cont\u00e1bil","potentialAction":[{"@type":"SearchAction","target":{"@type":"EntryPoint","urlTemplate":"https:\/\/sotisempresarial.com.br\/?s={search_term_string}"},"query-input":"required name=search_term_string"}],"inLanguage":"pt-BR"}]}},"_links":{"self":[{"href":"https:\/\/sotisempresarial.com.br\/index.php?rest_route=\/wp\/v2\/pages\/1629","targetHints":{"allow":["GET"]}}],"collection":[{"href":"https:\/\/sotisempresarial.com.br\/index.php?rest_route=\/wp\/v2\/pages"}],"about":[{"href":"https:\/\/sotisempresarial.com.br\/index.php?rest_route=\/wp\/v2\/types\/page"}],"author":[{"embeddable":true,"href":"https:\/\/sotisempresarial.com.br\/index.php?rest_route=\/wp\/v2\/users\/1"}],"replies":[{"embeddable":true,"href":"https:\/\/sotisempresarial.com.br\/index.php?rest_route=%2Fwp%2Fv2%2Fcomments&post=1629"}],"version-history":[{"count":1,"href":"https:\/\/sotisempresarial.com.br\/index.php?rest_route=\/wp\/v2\/pages\/1629\/revisions"}],"predecessor-version":[{"id":1734,"href":"https:\/\/sotisempresarial.com.br\/index.php?rest_route=\/wp\/v2\/pages\/1629\/revisions\/1734"}],"wp:attachment":[{"href":"https:\/\/sotisempresarial.com.br\/index.php?rest_route=%2Fwp%2Fv2%2Fmedia&parent=1629"}],"curies":[{"name":"wp","href":"https:\/\/api.w.org\/{rel}","templated":true}]}}